is the hundreds digit of 363068?
0
What is the tens digit of 235197?
9
What is the tens digit of 7343?
4
What is the hundred thousands digit of 413720?
4
What is the thousands digit of 18114867?
4
What is the hundreds digit of 9088253?
2
What is the tens digit of 1363817?
1
What is the hundreds digit of 35728727?
7
What is the millions digit of 1564351?
1
What is the tens digit of 290177?
7
What is the hundred thousands digit of 383588?
3
What is the hundred thousands digit of 1011274?
0
What is the millions digit of 6112477?
6
What is the units digit of 14266086?
6
What is the tens digit of 9330216?
1
What is the ten thousands digit of 71808?
7
What is the thousands digit of 2017919?
7
What is the hundreds digit of 3921333?
3
What is the tens digit of 718290?
9
What is the hundred thousands digit of 5282728?
2
What is the units digit of 258595?
5
What is the ten thousands digit of 710963?
1
What is the hundreds digit of 2035618?
6
What is the units digit of 339765?
5
What is the tens digit of 314230?
3
What is the thousands digit of 23847?
3
What is the units digit of 391396?
6
What is the hundred thousands digit of 3302811?
3
What is the thousands digit of 43759252?
9
What is the ten thousands digit of 1447148?
4
What is the ten thousands digit of 278577?
7
What is the thousands digit of 224756?
4
What is the hundreds digit of 2414515?
5
What is the units digit of 118826?
6
What is the tens digit of 3105615?
1
What is the units digit of 460492?
2
What is the ten thousands digit of 386308?
8
What is the hundreds digit of 2020400?
4
What is the units digit of 83623?
3
What is the hundred thousands digit of 552682?
5
What is the ten thousands digit of 1832619?
3
What is the tens digit of 611099?
9
What is the millions digit of 1021411?
1
What is the hundreds digit of 1483225?
2
What is the tens digit of 2149500?
0
What is the hundred thousands digit of 7500913?
5
What is the thousands digit of 310582?
0
What is the ten thousands digit of 23670564?
7
What is the tens digit of 15694217?
1
What is the thousands digit of 35671022?
1
What is the ten thousands digit of 14776177?
7
What is the hundred thousands digit of 225745?
2
What is the thousands digit of 742898?
2
What is the hundreds digit of 4415971?
9
What is the hundred thousands digit of 13366599?
3
What is the units digit of 453833?
3
What is the thousands digit of 750367?
0
What is the ten thousands digit of 860136?
6
What is the hundreds digit of 11055776?
7
What is the hundreds digit of 448032?
0
What is the units digit of 87886?
6
What is the units digit of 8285113?
3
What is the hundreds digit of 14886124?
1
What is the hundred thousands digit of 10279965?
2
What is the ten millions digit of 21792871?
2
What is the ten thousands digit of 290117?
9
What is the millions digit of 3804368?
3
What is the ten thousands digit of 2142342?
4
What is the ten thousands digit of 84347?
8
What is the tens digit of 503580?
8
What is the ten thousands digit of 234057?
3
What is the units digit of 131005?
5
What is the tens digit of 112479?
7
What is the hundred thousands digit of 1095838?
0
What is the tens digit of 86596?
9
What is the tens digit of 22273?
7
What is the thousands digit of 4255023?
5
What is the units digit of 664577?
7
What is the millions digit of 6213970?
6
What is the units digit of 1628133?
3
What is the units digit of 16738399?
9
What is the hundred thousands digit of 264121?
2
What is the hundred thousands digit of 9889379?
8
What is the thousands digit of 571138?
1
What is the hundreds digit of 168506?
5
What is the thousands digit of 16128325?
8
What is the units digit of 1010194?
4
What is the hundreds digit of 927365?
3
What is the ten thousands digit of 12607921?
0
What is the ten thousands digit of 179799?
7
What is the tens digit of 4492676?
7
What is the units digit of 10117761?
1
What is the tens digit of 2369?
6
What is the thousands digit of 166778?
6
What is the hundreds digit of 15727273?
2
What is the tens digit of 86219?
1
What is the millions digit of 29534381?
9
What is the hundred thousands digit of 315357?
3
What is the ten thousands digit of 3513720?
1
What is the hundreds digit of 4061276?
2
What is the hundred thousands digit of 876683?
8
What is the millions digit of 1049440?
1
What is the tens digit of 6546323?
2
What is the units digit of 1394532?
2
What is the hundreds digit of 1296282?
2
What is the thousands digit of 38175?
8
What is the hundred thousands digit of 1730123?
7
What is the tens digit of 165868?
6
What is the units digit of 544393?
3
What is the tens digit of 634163?
6
What is the thousands digit of 7885490?
5
What is the thousands digit of 1734371?
4
What is the hundreds digit of 43502?
5
What is the tens digit of 2329494?
9
What is the units digit of 243050?
0
What is the tens digit of 672?
7
What is the ten thousands digit of 51264?
5
What is the units digit of 1988748?
8
What is the thousands digit of 5121398?
1
What is the ten thousands digit of 716894?
1
What is the tens digit of 22720?
2
What is the hundred thousands digit of 102713?
1
What is the thousands digit of 1549945?
9
What is the hundreds digit of 6529589?
5
What is the hundreds digit of 59203?
2
What is the ten thousands digit of 4416314?
1
What is the hundreds digit of 771885?
8
What is the thousands digit of 3901106?
1
What is the units digit of 1381894?
4
What is the hundred thousands digit of 9095674?
0
What is the hundreds digit of 214577?
5
What is the hundred thousands digit of 236353?
2
What is the ten thousands digit of 28679037?
7
What is the thousands digit of 957664?
7
What is the units digit of 661124?
4
What is the tens digit of 140786?
8
What is the units digit of 4160714?
4
What is the hundreds digit of 43616?
6
What is the thousands digit of 377089?
7
What is the hundreds digit of 408401?
4
What is the millions digit of 5406872?
5
What is the hundreds digit of 32365?
3
What is the units digit of 2936377?
7
What is the hundreds digit of 891971?
9
What is the thousands digit of 44115?
4
What is the ten thousands digit of 1606030?
0
What is the thousands digit of 822294?
2
What is the hundreds digit of 146305?
3
What is the hundred thousands digit of 5351701?
3
What is the thousands digit of 333403?
3
What is the tens digit of 1038307?
0
What is the ten thousands digit of 24353070?
5
What is the millions digit of 16153194?
6
What is the tens digit of 216615?
1
What is the thousands digit of 27706?
7
What is the hundred thousands digit of 378885?
3
What is the tens digit of 280888?
8
What is the hundred thousands digit of 3266040?
2
What is the thousands digit of 10141?
0
What is the thousands digit of 6775121?
5
What is the ten thousands digit of 33417775?
1
What is the ten thousands digit of 1710903?
1
What is the thousands digit of 1483014?
3
What is the tens digit of 215049?
4
What is the units digit of 2450668?
8
What is the units digit of 449628?
8
What is the thousands digit of 2151584?
1
What is the hundreds digit of 3551186?
1
What is the tens digit of 3461280?
8
What is the hundred thousands digit of 7029894?
0
What is the hundred thousands digit of 568813?
5
What is the hundred thousands digit of 6596359?
5
What is the ten thousands digit of 102174?
0
What is the ten thousands digit of 1236439?
3
What is the units digit of 241998?
8
What is the thousands digit of 215654?
5
What is the units digit of 21101690?
0
What is the units digit of 7273101?
1
What is the tens digit of 29233?
3
What is the units digit of 9074741?
1
What is the thousands digit of 38192750?
2
What is the tens digit of 843216?
1
What is the tens digit of 376992?
9
What is the ten thousands digit of 1058629?
5
What is the units digit of 717821?
1
What is the ten millions digit of 15794336?
1
What is the ten millions digit of 20064082?
2
What is the units digit of 4982?
2
What is the thousands digit of 166936?
6
What is the thousands digit of 180483?
0
What is the hundreds digit of 6922352?
3
What is the units digit of 208011?
1
What is the millions digit of 4538781?
4
What is the hundred thousands digit of 9729463?
7
What is the units digit of 2450111?
1
What is the tens digit of 986312?
1
What is the ten thousands digit of 1663513?
6
What is the ten thousands digit of 602